 Let d be y(193). Give b(d).
18
Suppose w + 15 = 5. Let j be -1 - (w/4)/(3/6). Suppose q = j*q - 21. Let a(f) = -f + 9. Calculate a(q).
2
Let y be 215 + -195 + 12/(-3). Let s(z) be the third derivative of z**5/60 - 3*z**4/4 + 11*z**3/3 + 2*z**2. What is s(y)?
-10
Let i = 19045 + -19043. Let k(z) = -6*z**2 - 3*z + 8. Let f(o) = -17*o**2 - 8*o + 23. Let x(g) = 4*f(g) - 11*k(g). Calculate x(i).
-2
Let y(a) be the second derivative of -3*a + 1/20*a**5 - 13 - 1/3*a**3 - 1/2*a**2 + 1/6*a**4. What is y(-2)?
3
Let a(b) = 4*b + 33. Let d = 14004 - 14008. Give a(d).
17
Suppose 4*h + 23 = 5*m, 10 = 4*m - 2. Let f(p) be the second derivative of p**5/20 - p**4/6 - p**3/2 - p**2 - 4*p + 4. What is f(h)?
-12
Let f(x) = -2*x**2 - 34*x - 69. Let b(y) = -7*y - 22. Let r be b(-1). Give f(r).
-9
Let c(q) = -q**2 + 5*q + 5. Let k be c(5). Let d(w) be the second derivative of -w**5/20 + w**4/2 - w**3/6 - w**2/2 - w - 27. Determine d(k).
19
Let z(w) = 5*w + 61. Let q(j) = 1488*j - 7451. Let g be q(5). Calculate z(g).
6
Suppose -13*s + 154*s + 2852 = 17*s. Let l(g) = 2*g**2 + 44*g - 42. Determine l(s).
4
Suppose 2*p + 5*d - 75 - 39 = 0, 14*p - 5*d = 558. Let k(f) = -2*f**2 + 83*f + 60. What is k(p)?
18
Suppose 15*u - 7 = 68. Suppose 8*c - 24 = u*c. Let x(n) = -n**3 + 7*n**2 + 6*n + 7. Give x(c).
-9
Let x(h) = 7*h**2 - 1. Suppose -475 = 5*c + 3*z, 5*c = z - 627 + 172. Let j = 267 - 174. Let w = j + c. Determine x(w).
6
Let w(g) be the first derivative of -17*g**4/4 - g - 473. Determine w(1).
-18
Suppose n - 11 + 17 = -2*r, 5*r + 2*n = -17. Let l(x) = x**2 + 7*x + 8. Determine l(r).
-2
Let a(b) be the third derivative of -b**4/12 + 23*b**3/6 + 1420*b**2 + b. Suppose -2*n - 13 = -3*n. Let y be a(n). Let t(i) = -2*i + 2. What is t(y)?
8
Let j(r) be the first derivative of -100 + 3*r**2 + 1/3*r**3 + 3*r. Determine j(-3).
-6
Let t(i) = 5*i. Let l(s) = -s**2 + 3*s. Suppose 8*u - 4 = 12. Let q be l(u). Let n(w) = -6*w. Let f(h) = q*n(h) + 3*t(h). Calculate f(2).
6
Let b(k) = -19*k - 29. Suppose 60 = 23*a - 60*a - 51. What is b(a)?
28
Let r(f) be the second derivative of f**6/180 + f**5/120 + 5*f**4/6 - 3*f. Let q(w) be the third derivative of r(w). Let c be 3 - 9*(-2)/(-3). What is q(c)?
-11
Let f(w) = -5*w**3 + 13*w**2 + 29*w + 26. Let l(a) = 17*a**3 - 45*a**2 - 89*a - 78. Let v(q) = -7*f(q) - 2*l(q). Determine v(6).
4
Suppose b = -19*k + 13*k + 80, b - 66 = -5*k. Let d(i) = i - 7. Determine d(k).
7
Let a(n) be the second derivative of -n**4/4 + n**3 - 2*n**2 - 40*n. Let t be a(2). Let v(d) = d**3 + 5*d**2 + d - 1. Give v(t).
11
Suppose -13 = -44*s + 43*s - 3*b, -s - 3 = -b. Let p(m) = 23*m - 3. Calculate p(s).
20
Let l(y) = -9146654 + 9146218 - 10*y - 9*y. What is l(-23)?
1
Suppose -h + 9*r = 4*r - 10, -2*r = 5*h + 4. Let f(g) = -3*g - 37*g**2 + 4*g + h*g + 38*g**2 - 2. Calculate f(-6).
28
Let d(z) = z**2 - 4*z**2 - 7*z**3 + 28782 - 28783 + 8*z**3. Suppose -2*l = 5*y - 18, -l + 14 = 3*l - y. Determine d(l).
15
Let f(b) be the second derivative of -b**5/20 - 11*b**4/4 + b**3/6 + 23*b**2 - 2*b - 111. Calculate f(-33).
13
Let y(v) = -v**3 + v**2 + 12*v - 15. Let h be (-25)/((-100)/(-12)) + 7. Calculate y(h).
-15
Let o be -3 + (4 - 6) + -2. Let i(y) = -4*y - 7 + 0*y**2 - 5 - 4 + 25 - y**2. What is i(o)?
-12
Let w(q) = 15*q - 26. Let x(y) = 7*y - 12. Suppose 5*t = -4*t + 117. Let r(m) = t*x(m) - 6*w(m). Determine r(-7).
-7
Let g(u) be the third derivative of -u**5/15 - u**4/8 + u**3/2 - 238*u**2 - 6. Give g(-3).
-24
Let p(h) = -4*h**2 + 3*h + 0*h - 9 + 3*h**2. Let b be ((-426)/355)/((-1)/5). Give p(b).
-27
Let g(c) = 20*c**2 - 18*c - 3. Let d(w) = -7*w**2 + 6*w + 1. Let j(m) = 17*d(m) + 6*g(m). Let i = -14 - 4. Let f = -13 - i. Determine j(f).
-6
Let n(g) be the third derivative of -g**5/60 + 7*g**4/24 - 2*g**3/3 + 19*g**2. Let a be n(5). Let r(f) = 10 - 8 - 6 - a*f. What is r(-3)?
14
Let d be (1 + 2)/(-1 + 2). Let y be (-72)/(-2) - 0 - 0. Let l(h) = -4*h + 3*h + d*h + 38 - y. Give l(-7).
-12
Let l(y) be the first derivative of -y**4/4 - 5*y**3/3 + 6*y + 536. What is l(-2)?
-6
Let z(o) = 10*o**2 + 6*o. Let r = -188 - -193. Let k(d) = -12*d**2 - 6*d. Let t(c) = r*z(c) + 4*k(c). What is t(-5)?
20
Let w(k) = -k**2 + 11*k - 31. Let j(s) = 8*s + 56. Let y be j(-6). Let f be w(y). Let g(i) = -i**3 - 9*i**2 - 13*i + 13. Give g(f).
6
Let t be (45/27)/(2/6). Let j(o) = -4 + 29*o + 2*o**2 - 31*o - 6*o**3 + t*o**3 - 8*o**2. Let i(h) = -h - 3. Let q be i(3). Determine j(q).
8
Let t be (5/(-3))/(-10 + (-225)/(-27)). Let u(r) = 84*r - 2. What is u(t)?
82
Let q(u) be the third derivative of 0*u - 1/8*u**4 + 0 - 40*u**2 + 1/6*u**3. Determine q(2).
-5
Let p(k) be the third derivative of k**6/120 - k**5/6 - 5*k**3/6 + 2778*k**2. Suppose 3*r = 2*r - 4*b - 10, 0 = r - 5*b - 35. Calculate p(r).
-5
Let x(y) be the first derivative of y**4/4 - 2*y**3 - 9*y**2/2 + y + 3686. Give x(7).
-13
Let n be (-3)/((-9 - -4)/50). Let f(x) = -n + 5*x - 2*x - 2*x + 32. Let z = 18 + -25. What is f(z)?
-5
Let a(f) = 329728 - 101*f**2 + 14*f - 329787 + 83*f**2 - 2*f**3. What is a(-10)?
1
Let c(l) = -3*l + 2. Let u be ((-20)/(-3))/(15/54). Suppose 16 = -2*n - 6*w + 5*w, -5*w = -3*n - u. What is c(n)?
26
Let b be 1/(-1 - 8/(-7)). Let y(t) = 3*t**3 + t**2 + t + 1. Let w(q) = 17*q**3 + 13*q**2 + 5*q + 13. Let f(u) = -w(u) + 6*y(u). Determine f(b).
0
Let i(k) = 3*k - 4. Suppose 2*o + s = -1460, 7*o + s = 3*o - 2916. Let t be o/130 - ((-4)/(-10) - 1). Determine i(t).
-19
Let t(m) = -m**3 - 9*m**2 - 3*m + 3. Let p be ((-6)/(-5))/(108/(-810)). Give t(p).
30
Let d(h) = h**2 + h - 28. Let p(x) = -2*x**2 - 610*x + 5. Let l be p(0). Calculate d(l).
2
Let z(t) = -t**2 - 7*t + 6. Let a(k) = -k**3 - 7*k**2 + 23*k - 15. Let g(q) = q**3 + 8*q**2 - 21*q + 14. Let h(l) = -4*a(l) - 3*g(l). Let r be h(-8). Give z(r).
12
Let u(i) be the third derivative of i**5/60 + 7*i**4/24 - 5*i**3/3 + i**2. Suppose -7*b - 1609 + 1553 = 0. Determine u(b).
-2
Let c be -31 + 2 - (-42 - -22). Let n(o) = 2*o**2 + 11*o - 5. What is n(c)?
58
Let q(z) = 3*z**2 + 32*z + 11. Let d = 4331 + -4341. What is q(d)?
-9
Let u(y) be the first derivative of y**3/3 + 7*y**2/2 - 4*y + 591. Give u(-11).
40
Let n(w) = 320*w**2 + 71*w - 157*w**2 + 15 - 21 - 160*w**2 - 26. What is n(-24)?
-8
Let w(f) = 128*f - 285 - 73*f + 190 - 70*f. What is w(-9)?
40
Let c(o) = -o**3 - 13*o**2 - 20*o + 12. Suppose -i - 12*i - 201 = -58. Determine c(i).
-10
Let h(r) be the second derivative of -r**5/20 + 5*r**4/4 + r**3/6 - 11*r**2/2 - 151*r. Suppose 8 = v - 7. Give h(v).
4
Suppose 6 = -v + 1. Let s(f) = -f**2 - 10*f - 5. Let g(c) = -c**2 - 9*c - 4. Let u = -132 + 136. Let y(x) = u*g(x) - 3*s(x). Determine y(v).
4
Suppose -4*r - r + 245 = 0. Let y = -11 + r. Let s = 40 - y. Let p(a) = a**2 - 3*a + 2. Determine p(s).
0
Let h(q) = 4*q + 114. Let l(t) = t + 20. Let z(r) = h(r) - 6*l(r). What is z(-1)?
-4
Let y(n) = -n**3 - 4*n**2 - 1. Let z(d) = 29*d + 544. Let o be z(-21). Suppose 4*f + 165 = -111. Let a = f - o. Determine y(a).
-1
Suppose 5*c = -4*g + 5 - 198, 2*c + 94 = -4*g. Let m(l) = -3*l - 93. Give m(c).
6
Let v(o) = -9*o - 170. Suppose -2*q + 13 = 5*l - 6*l, 0 = 4*l - q + 66. Calculate v(l).
-17
Let r(j) be the second derivative of -j**5/20 + j**4/6 + j**3/3 - 4*j**2 - 1261*j. Give r(3).
-11
Let f(g) = 5*g**3 + 13*g**2 - 3*g + 11. Let c(h) = 11*h**3 + 27*h**2 - 6*h + 24. Let x(n) = 3*c(n) - 7*f(n). Determine x(-5).
-20
Let g(r) = -r**3 - 4*r**2 + 7*r + 5. Let k be 9*((-16)/3 - -4). Let o be ((-105)/k)/1*(5 - 1). Suppose 0 = -2*v + 5*n - 30, -3*v + 4*n - o = -n. Calculate g(v).
-5
Let n(c) = -43*c + 96*c - 32*c + 728 - 48*c. Calculate n(27).
-1
Let l(k) = -4*k - 70. Let y be (10/(-3))/(-10) - ((-1218)/9)/(-7). What is l(y)?
6
Let b = -7 - -9. Suppose b*z = 4*w + 2, 4*z + 5*w + 10 + 12 = 0. Let r(d) = 27*d + 15. Let n(j) = -11*j - 6. Let m(o) = -12*n(o) - 5*r(o). What is m(z)?
6
Let s(v) = v**3 - 20*v**2 + 54*v - 55. Suppose 13 = -12*t + 217. Give s(t).
-4
Let x(p) = -p**2 - 6*p + 5. Let r be 7/9 + (-18)/(-81). Let o be 7/(r - 1 - 1). What is x(o)?
-2
Let x(y) = 6 + 7108*y**2 - 3554*y**2 - 3556*y**2 - 2*y - 6*y + y**3. Determine x(4).
6
Let j be 6*(-1 - 0/2). Let n(y) = -y**2 + y + 2. Let k be n(0). Let l(q) = 17*q**2 - 33*q**k - 5 + 15*q**2 - 8*q. Determine l(j).
7
Suppose -3*z + 0 =